prime factors of z(t).
2, 7
Let p(x) = 3*x**2. Let r be p(-1). Let v(f) be the first derivative of f**3/3 - 2*f + 1. List the prime factors of v(r).
7
Suppose 4*w - 4*z + 8 = 0, -3*w = w + 2*z - 16. What are the prime factors of w?
2
Suppose 0 = -a - 6 - 1. Let i = a - -17. List the prime factors of i.
2, 5
What are the prime factors of (-46 - (2/(-2) - 2))*-5?
5, 43
Let o be ((-3)/2)/(12/(-32)). Suppose o*r + r - 25 = 0. List the prime factors of r.
5
Suppose 5*j = -3*g + 41, -2*g + g - 3 = 0. What are the prime factors of j?
2, 5
Suppose -4*s + 26 = -3*k, 0 = -0*s + 2*s + 5*k. Suppose -20 + s = -3*u. What are the prime factors of u?
5
Suppose 0 - 1 = i. List the prime factors of 1 - 1*i/1.
2
Let s = -97 + 145. What are the prime factors of s?
2, 3
Let i = -4 + 2. Let f = 14 + i. List the prime factors of f.
2, 3
What are the prime factors of ((-2)/4)/(1/(-58))?
29
Suppose 2*c - 5*k - 92 = -k, -c + 61 = k. List the prime factors of c.
2, 7
Let v = 3 + -3. Let g = 14 + -10. Suppose -u - g*u + 65 = v. What are the prime factors of u?
13
Suppose 250 - 925 = -5*l. What are the prime factors of l?
3, 5
Let j = -19 - -33. Let m = j - -14. What are the prime factors of m?
2, 7
Let h be (0 - 1)*(0 - 2). Let t be ((-60)/(-9))/((-1)/(-3)). Suppose 3*w - t = h*w. List the prime factors of w.
2, 5
Let s = 23 + -12. What are the prime factors of s?
11
Let g(k) = -3*k**2 + 4*k - 3. Let r be g(2). Let d = -3 - r. Let b = 6 + d. What are the prime factors of b?
2, 5
Let i(n) = 22*n**2 - 1. Suppose 3*r - 4*z + 5 = -8, 3*z = 12. Let k be i(r). Suppose k = 4*c - 15. List the prime factors of c.
3
Let f(g) = -g**2 + 6*g - 2. Let j be f(5). Suppose -j + 5 = b. List the prime factors of b.
2
Suppose 175 = 5*h - 50. What are the prime factors of h?
3, 5
Let i(a) = 67*a - 7. List the prime factors of i(1).
2, 3, 5
Let k(l) = 6*l**2 + 28*l + 3. What are the prime factors of k(-8)?
163
Let i(o) = -o**2 - o + 6. List the prime factors of i(0).
2, 3
Let s = 35 - -8. What are the prime factors of s?
43
Let a = 65 + -37. What are the prime factors of a?
2, 7
Let j be 22 + 6/9*-3. Suppose -3*x + x = j. What are the prime factors of (-95)/(-25) - 2/x?
2
Let b(m) = 5*m + 2. What are the prime factors of b(7)?
37
Let k = 0 - 0. Suppose -5*c - 40 = 5*d, -4*d + k = 2*c + 40. Let a = -4 - d. List the prime factors of a.
2
Suppose -a + 2*r = -12, -3*r = 6*a - 2*a + 7. Let s(q) = -q + 1 + 3 + a*q. What are the prime factors of s(4)?
2
Suppose 19 = 5*v + 3*d, 6*d - d - 25 = -5*v. What are the prime factors of -1*1/v*-52?
2, 13
Let h(j) = -j**3 - j**2 + 8*j - 3. List the prime factors of h(-4).
13
Let s(f) = 238*f**2 - f - 1. What are the prime factors of s(1)?
2, 59
Let x(m) = 8*m - 10. List the prime factors of x(5).
2, 3, 5
Let t = -2 + 6. Suppose 0 = t*v - 51 + 15. Suppose -y + v - 4 = 0. List the prime factors of y.
5
Suppose 7*a = 2*a + 3*g, 0 = -3*a - 3*g. Let p(u) = -2*u - u + a*u. What are the prime factors of p(-3)?
3
List the prime factors of (-78)/65*165/(-2).
3, 11
Suppose 12 = 2*j + j. Suppose j*r = -4*s + 280, 0 = 5*s - 0*s - 4*r - 314. List the prime factors of s/8 + (-5)/20.
2
List the prime factors of 64/2*9/6.
2, 3
Let h(s) = 3*s**3 - s**2 + 1. Let j be h(-2). List the prime factors of 2/(-4) - j/6.
2
Suppose -11*h = -14*h. Suppose 60 = v - 4*m, -3*m - 153 = -3*v - h*m. List the prime factors of v.
2, 3
Suppose 0 = 4*a - x - 2*x - 41, -4*a - 4*x + 20 = 0. What are the prime factors of a?
2
Let f(s) = s**2 + 7*s + 6*s**2 - s**3 - s**2 + 0*s**2 + 1. Let a be f(7). Let m = 5 - a. List the prime factors of m.
2
Let x(b) be the third derivative of b**6/120 + b**4/24 + b**3/3 + b**2. List the prime factors of x(0).
2
List the prime factors of (-21)/(-4)*(11 + -7 + 0).
3, 7
Let k = 122 - 81. List the prime factors of k.
41
Let s = 16 - 8. Suppose 0*p = p + s. Let o = -1 - p. List the prime factors of o.
7
Suppose 8 + 2 = -b. Let y = -5 - b. Suppose -y*x + 2*x = -12. List the prime factors of x.
2
Let k be 6 - (1 - 0 - -1). Suppose k*d + 22 = 2*x, 6*d = -x + 4*d - 5. Suppose -x*i + 14 = -1. List the prime factors of i.
5
Suppose 5*g = 15, -4*y - 4*g - g = -775. List the prime factors of y.
2, 5, 19
Suppose 5*u + 10 = 5*d, 3*u - 1 + 13 = 5*d. Let x(a) = -2*a**2 + 0*a**2 - u + 4*a + 3*a**2. What are the prime factors of x(-6)?
11
Suppose -1 - 11 = -3*r. Suppose -2*c = -4*y + 14, -3*y + r*y - 4*c = -7. What are the prime factors of y?
5
Let q be 3/3 - (-86 + -2). Suppose 0 = 3*i - 4*c - q, 3*c + 0*c = 5*i - 141. List the prime factors of (-20)/(-6)*i/15.
2, 3
Let k be (-2 + 0)*3/2. List the prime factors of 4/k*24/(-16).
2
Suppose -2*n = -0*n + 4. Let i = 4 + n. Suppose 6*h = -i*c + 5*h + 27, 3*c - 51 = 2*h. List the prime factors of c.
3, 5
Suppose -123 = 4*f - 7*f. Let h = -14 + -5. Let v = h + f. List the prime factors of v.
2, 11
Suppose h = -4*l - 135, 0*l + l - 5*h + 60 = 0. List the prime factors of (-2)/(-10) - 98/l.
3
Let l = 57 - 30. List the prime factors of l.
3
Let x(w) = -w**2 - 5*w - 3. Let c be x(-3). Suppose -5*z + 42 = c*i, 2*i - 3*i + 16 = 2*z. What are the prime factors of 14/z - (-1)/(-3)?
2
Suppose -4*n = 2*r - 4, -2*r = -5*n + 6 - 19. Suppose -3*t - 2*f + 4*f + 20 = 0, -24 = -r*t + 4*f. What are the prime factors of t?
2
Let m(f) = 2*f**2 - 3*f - 1. What are the prime factors of m(-1)?
2
Suppose 5*a + 2*s + 40 = -2*s, 0 = 3*a + 2*s + 24. Let w(q) = 3*q. Let p be w(5). Let b = p + a. What are the prime factors of b?
7
Suppose -2*k = 4*t + 14, 3*k - 2*t - 29 = 2*t. Suppose 2*y - 48 = 3*w + 17, y - 64 = k*w. Let p = w + 29. What are the prime factors of p?
2
Suppose -2*k + k - 24 = -4*p, 4*p + 4*k - 24 = 0. Suppose -4*h + 23 = 3*a, -1 = -4*h - 2*a + 17. Suppose h*c - p = 14. What are the prime factors of c?
2, 5
Let k(l) = l**3 + 7*l**2 - 22*l - 17. What are the prime factors of k(-7)?
137
Let z(b) = 4*b**2 + b. Let d be z(6). List the prime factors of d/14 + (-2)/(-7).
11
Let t be (5/(-5))/(1/(-12)). Suppose -20 = v + 2*m + 3*m, 2*v - t = 3*m. Suppose -o - 2*o + 54 = v. List the prime factors of o.
2, 3
Let t(u) = -4*u**3 + 4*u**2 + 4*u - 7. Let f(n) = 5*n**3 - 5*n**2 - 5*n + 7. Let p(q) = 3*f(q) + 4*t(q). Let b be p(0). List the prime factors of -4*3/14*b.
2, 3
Suppose 0 + 4 = -m. Let u = -22 + -20. List the prime factors of (2/3)/(m/u).
7
Suppose -d - d = -3*c - 170, 5*d = 3*c + 425. What are the prime factors of d?
5, 17
Suppose 8 = -3*c + 2*p, -4*c = 3*p + 3 + 2. Let i be 1*(-2 - -1)*c. Suppose -i*t + 4*t = 20. What are the prime factors of t?
2, 5
Let h = 4 - 4. Suppose 0 = z - h*z - 33. List the prime factors of z.
3, 11
Let z(h) = -h - 3. Let n be z(-3). Suppose n = 7*p - 3*p. Suppose -4*l = 4*r - 16, p = 3*l + 2*l + 2*r - 32. List the prime factors of l.
2
Let u = 265 - 89. What are the prime factors of u?
2, 11
What are the prime factors of 3 + (-19 - -3)*(-10)/4?
43
Let c(n) = -25*n - 5. Let s = -18 - -16. List the prime factors of c(s).
3, 5
What are the prime factors of ((-8)/(-14))/((-18)/(-1953)) - -2?
2
Suppose 3 = 5*a - n, a = 8*n - 3*n - 9. List the prime factors of 2/(3*a/18).
2, 3
Let j(k) = 4*k - 1 - 2*k - k. Let q be j(1). Let s = q + 6. List the prime factors of s.
2, 3
Let j be (-2)/(-5) - (-14)/(-35). Suppose -8*d + 13*d - 205 = j. What are the prime factors of d?
41
Let a(s) = s**2 - 8*s + 10. Let x be a(7). Let i(c) = 3 + c**3 - 4 - c**2 - x + 3 - 4*c. List the prime factors of i(3).
5
Let l(o) = -o - 6. Let g be l(-7). Let s(v) = 6*v**3 + v**2 - v. Let q be s(g). Suppose q = 5*i - 4*i. What are the prime factors of i?
2, 3
Suppose 0 = -9*r + 7*r + 132. Let f = -28 + r. List the prime factors of f.
2, 19
Let z be ((-4)/(-5))/((-5)/(-375)). Let v = -19 + z. List the prime factors of v.
41
Let s = 3 + -3. Let h = s - -10. Suppose -4*v - h = -5*v. What are the prime factors of v?
2, 5
Let p = 5 + -6. What are the prime factors of (-1)/(p + 22/24)?
2, 3
Let f(n) = -n. Let d be f(0). Suppose d = 4*b + 2*q - 108, 46 = 2*b - q - 0*q. Let y = b + -13. List the prime factors of y.
2, 3
Suppose 540 - 174 = 6*d. What are the prime factors of d?
61
List the prime factors of (-4 - 8/(-6))/(4/(-174)).
2, 29
Suppose -5*n = 4*z - 5 - 1, -5*z = 5*n - 10. Suppose 3*j - 2*h = 22, -z*j + h + 20 = -j. What are the prime factors of j?
2, 3
Let g